d by 14?
12
Let g(y) = 4 - 20*y**3 + 21*y**3 + 6*y**2 + 4*y**2. What is the remainder when g(-10) is divided by 2?
0
Let k(u) = 2*u + 6. What is the remainder when k(6) is divided by 10?
8
Calculate the remainder when (-9)/6*(-184)/6 is divided by 16.
14
Let y = 32 + -2. Let i(h) = -h + 16. Calculate the remainder when y is divided by i(0).
14
Let r = -71 - -116. Calculate the remainder when r is divided by 12.
9
Let z(f) = 6*f - 1. Let d(a) = a**3 - 7*a**2 + 2*a - 9. Let i be d(7). Suppose i*c = c + 8. Calculate the remainder when z(c) is divided by 6.
5
Suppose 4*a + 22 = -0*o + 5*o, a = 2*o - 10. Calculate the remainder when 10 is divided by o.
4
Let l = 84 + -15. Let p(v) = -5*v - 10. Calculate the remainder when p(-8) is divided by l/6 - (-1)/(-2).
8
Suppose 5*b = 4*b + 283. Suppose -m - 589 = -5*o - 118, m + b = 3*o. What is the remainder when o is divided by 32?
30
Let u(x) = 3*x**2 + 5*x + 4. Let r(v) = -v + 5. Let l = 9 + -1. Let m be r(l). What is the remainder when u(m) is divided by 6?
4
Let s = -3 + 0. Let z(u) = -u**2 - 7*u - 7. Calculate the remainder when ((-40)/12)/(2/s) is divided by z(-5).
2
Let r(l) = 6*l**2 + 1. Let a = -18 + 14. Calculate the remainder when r(a) is divided by 25.
22
Let p = -74 + 130. Suppose 0*j - p = -3*j - 2*v, -2*v + 8 = 0. Calculate the remainder when 29 is divided by j.
13
Suppose -3*z - 8 = -5*a + 6, 5 = -2*z - a. Let d = z - -6. What is the remainder when d is divided by 1?
0
Let k(n) = 12*n - 4. What is the remainder when k(7) is divided by 27?
26
Let y(k) be the third derivative of k**5/20 - 2*k**3/3 - 8*k**2. Calculate the remainder when 46 is divided by y(-2).
6
Let j = 5 - 3. Calculate the remainder when 320/18 + (-4)/(-18) is divided by j*(-5)/(-8)*8.
8
Let x = 34 - -7. Calculate the remainder when x is divided by 24.
17
Let p(c) be the first derivative of c**3/3 + 5*c**2/2 + 5*c + 1. Suppose 5 = -2*g - 7. Calculate the remainder when p(g) is divided by 4.
3
Let h = 19 - 8. Suppose 0 = -4*v + u - 5*u + 24, 5*u - 18 = -2*v. Calculate the remainder when h is divided by v.
3
Let y(b) = b**2 - 8*b - 4. Suppose -26 - 19 = -3*d. Calculate the remainder when y(11) is divided by d.
14
Let d = -11 + 15. Let f(t) = -2*t - 2 + d + 0 + 2. What is the remainder when f(-5) is divided by 5?
4
Let i(r) = r**2 + 3*r - 3. Suppose -q - 25 = 5*c, -c - 2*c - 4*q = 15. Calculate the remainder when 25 is divided by i(c).
4
Suppose -2*k = 4*u - 16, 3*k + 2*u = 7*u + 2. Suppose -k*w = w - 10. Suppose w*p = 10 - 0. Calculate the remainder when 18 is divided by p.
3
Let x be (0 + -7)*(-1 - -4). Let t = -4 - x. Calculate the remainder when t is divided by 9.
8
What is the remainder when 42 is divided by (1 + 2)*(-88)/(-12)?
20
Suppose 0 = -3*g + 29 + 1. Suppose 10 = 5*z - 20. What is the remainder when g is divided by z?
4
Suppose 4*p = -z + 41, 5*z + 0*p - 4*p = 85. What is the remainder when z is divided by 8?
5
Let z(n) = 149*n + 2. Calculate the remainder when z(1) is divided by 31.
27
Let z be (-60)/18*(-33)/2. Calculate the remainder when 55 is divided by (-4)/(-6) + z/3.
17
Suppose 2*l - 5*q = 111, -l = -5*l + q + 177. Calculate the remainder when l is divided by 15.
13
Let n(f) = -f**3 - 7*f**2 + 1. Let z be 1/(-1) + 48/(-8). Calculate the remainder when n(z) is divided by 1.
0
Let m(w) = 10*w. Let h be m(-1). Let r = h + 73. Let y = r + -42. What is the remainder when 40 is divided by y?
19
Let l = 72 + -21. Suppose 5*s + 30 = 3*o + 156, -2*s = -o - l. Let h = 15 - 1. What is the remainder when s is divided by h?
13
Suppose 5*p + 4*o = 230, -4*o = 2*p - o - 92. Let x = 104 - p. Let y(g) = g**2 - 3*g - 3. What is the remainder when x is divided by y(-3)?
13
Suppose 47 - 271 = -4*g. Calculate the remainder when g is divided by 8.
0
Suppose -3 = 2*t - 5*g - 10, 5*g + 6 = t. Let c = 10 - 4. Let h = c - 5. What is the remainder when t is divided by h?
0
Let w(h) = -h + 9. Let t(n) = 4. Let r(k) = -5*t(k) + 2*w(k). What is the remainder when (-4)/14 + 228/14 is divided by r(-4)?
4
Suppose -4*l = -0*l - 4*u - 64, 32 = 2*l + 5*u. Let t = l - 10. Calculate the remainder when 14 is divided by t.
2
Let l = -1931 + 1124. Let f = -1335 - l. What is the remainder when 52 is divided by f/(-30) - 4/(-10)?
16
Let l = 93 + -72. Calculate the remainder when 125 is divided by l.
20
Suppose f + 2*d + 0 = -1, -4*f = -4*d - 8. Calculate the remainder when 42 is divided by 0 + 25 - 3*f.
20
Let c be (4/8)/((-1)/24). What is the remainder when 57 is divided by ((-58)/(-8))/((-3)/c)?
28
Let o = 84 + -81. Calculate the remainder when o is divided by 1.
0
Let r = 165 + -116. Let u = -18 - -35. What is the remainder when r is divided by u?
15
Suppose 0 = 4*h + 9 + 7. Suppose i + 1 = -3*y + 14, 13 = 4*y - 3*i. Calculate the remainder when (-46)/h + (-2)/y is divided by 7.
4
Suppose 711 = -11*b + 14*b. Calculate the remainder when b is divided by 15.
12
Let i be 4/22 + (-4286)/(-22). Suppose -i = -0*p - 5*p. Calculate the remainder when p is divided by 2/((-4)/2) + 15.
11
Suppose 7*y = 3*r + 3*y - 95, r = y + 33. What is the remainder when r is divided by 13?
11
Let c = -4 - 8. Let l = 24 + c. Suppose 71 = 4*n - 17. Calculate the remainder when n is divided by l.
10
Let v(g) = 3*g + 6. Let w be v(6). Let k = -7 + w. Calculate the remainder when 32 is divided by k.
15
What is the remainder when (-2 - -1)*(-2 - 21) is divided by 13?
10
Let s(h) be the first derivative of h**4/4 - 10*h**3/3 + 4*h - 18. Let d be (8/10)/((-4)/(-50)). Calculate the remainder when s(d) is divided by 2.
0
Suppose -5*d = 82 - 22. Let a = d - -13. Calculate the remainder when 2 is divided by a.
0
Let s(z) = -z**3 - 3*z**2 + 2*z + 4. Let m be s(-3). Let t be (-3 - m)/(2/(-6)). Let a(b) = b**2 - b - 2. Calculate the remainder when 10 is divided by a(t).
2
Suppose 5*k + 3*c = 90, -2*k + 2*c = 12 - 32. What is the remainder when 27 is divided by k?
12
Suppose 2*r + 2*r = 116. Calculate the remainder when 57 is divided by r.
28
Let o(p) = 2*p**3 - 4*p**2 - 5*p + 1. Let w(n) = 5*n**3 - 8*n**2 - 11*n + 1. Let y(f) = 7*o(f) - 3*w(f). What is the remainder when 34 is divided by y(-4)?
10
Let q = 7 + -7. Suppose -m = 2*d - 19, 5*m - d - 72 + 21 = q. Let t = -69 + 101. Calculate the remainder when t is divided by m.
10
Suppose -3*h - c - 6 + 2 = 0, -2*h = c + 1. Let z(b) = -3 + 4 - 2*b + 2 - 4. What is the remainder when 8 is divided by z(h)?
3
Let n(h) = h**2 + 20*h + 47. Calculate the remainder when 109 is divided by n(-18).
10
Suppose 5*v - 5*o = 225, 0 = -5*v - o + 2*o + 205. Suppose 0 = -3*p + 6*p - 30. What is the remainder when p is divided by (-9)/(-4)*v/15?
4
Calculate the remainder when 16 is divided by (-122)/(-10) - (-10)/(-50).
4
Let x(d) = 72*d**2 - 6*d + 5. What is the remainder when x(1) is divided by 18?
17
Let r = -184 - -399. Suppose -5*x - 15 = -35. Suppose -x*k - 27 = -r. Calculate the remainder when k is divided by 16.
15
Calculate the remainder when (-10)/4*(-1 - 3) is divided by 4*(-2)/(-4) + 4.
4
Let y be (1/(-2) + 0)*2. Let s be (-1)/((-3)/(-45)*y). Let k = -6 + s. Calculate the remainder when 26 is divided by k.
8
Let g be (-8)/20 - (-4)/10. Suppose -4*p - 2*r - 3*r + 136 = g, 2*p - 5*r - 38 = 0. Suppose -3*u = -1 - p. What is the remainder when 19 is divided by u?
9
Let z(q) = 6*q**2 + 3. Let g(v) = 13*v**2 + v + 7. Let o(j) = -2*g(j) + 5*z(j). Let h be o(1). What is the remainder when 35 is divided by (h/(-6))/((-1)/24)?
11
Let o(l) = 15*l**2 - 3*l + 2. Suppose -2*j = -0*j - 38. What is the remainder when o(2) is divided by j?
18
Let k(b) = b**2 - 4*b + 10. Calculate the remainder when 146 is divided by k(4).
6
Suppose 0*t - 5*t + 85 = 0. Calculate the remainder when 81 is divided by t.
13
Suppose 2*v - 17 = v. Let t(f) = -2*f - 10. What is the remainder when v is divided by t(-10)?
7
Let r be 2/(-4 + 9 + -4). Suppose 0 = -r*y + 51 - 3. Calculate the remainder when y is divided by 13.
11
Let i = 23 + -8. Let h(b) be the first derivative of 7*b**4/4 - b**3 - b**2/2 + 2*b - 2. Calculate the remainder when h(2) is divided by i.
14
Suppose -4*i - 1 + 0 = -y, -25 = -4*y - 5*i. Suppose 20 = 4*z + 4*a, 0*z + z = -y*a + 17. Calculate the remainder when 2 is divided by z.
0
Let o be 5/((-75)/(-9))*35. Suppose -3*v = -o - 33. What is the remainder when 34